hat is -93 + 216c?
20d9
In base 9, what is -372877 - -1?
-372876
In base 14, what is -4 - -6862?
685c
In base 8, what is 3 + -516315?
-516312
In base 3, what is -112110111102 - 12?
-112110111121
In base 12, what is 20 + -2b4?
-294
In base 14, what is b + 37db?
3808
In base 10, what is -23 - 1912?
-1935
In base 3, what is 2211210 - -100110?
10012020
In base 8, what is 2226 - 253?
1753
In base 8, what is -22 - 20?
-42
In base 4, what is 11 - 1021?
-1010
In base 7, what is -20563 - 1?
-20564
In base 16, what is 8 + b2d?
b35
In base 9, what is -120 - 2465?
-2585
In base 2, what is 111101010110 + -100?
111101010010
In base 16, what is -6 - 14573?
-14579
In base 13, what is 24 + -1540c?
-153b8
In base 3, what is 2212 + 12000?
21212
In base 15, what is 1e0574 + -3?
1e0571
In base 16, what is -191 + 19f?
e
In base 14, what is 1db + -700?
-503
In base 2, what is 1111010110010010011 - 10?
1111010110010010001
In base 10, what is -304225 - -1?
-304224
In base 11, what is -5 - 32653?
-32658
In base 7, what is 4242 - -21?
4263
In base 16, what is -1 + -478b?
-478c
In base 13, what is -5 - 47c9?
-4801
In base 15, what is -11e + -1ad?
-2cc
In base 15, what is 682842 + -3?
68283e
In base 9, what is -3 - -466258?
466255
In base 15, what is 5612 - 1?
5611
In base 6, what is 5042 - -11153?
20235
In base 14, what is -30 - dd?
-12d
In base 13, what is 17 + -c3812?
-c37c8
In base 2, what is -11111011 + 100010101001?
11110101110
In base 13, what is -5 - 4c22?
-4c27
In base 12, what is 2 - -43733?
43735
In base 15, what is 24c + -6b9?
-46c
In base 2, what is 1101101110111 + 100?
1101101111011
In base 15, what is 3 - b56?
-b53
In base 15, what is 2309 - 117?
21e2
In base 5, what is -12 + 13201141?
13201124
In base 14, what is -7a - 17b?
-217
In base 15, what is -1192 + -47?
-11d9
In base 8, what is 22 + -2153?
-2131
In base 6, what is 243 - -14253?
14540
In base 5, what is -10 + -2243231?
-2243241
In base 12, what is 328b - 185?
3106
In base 3, what is -111000212112 - -10?
-111000212102
In base 13, what is 8901 - -1b?
891c
In base 15, what is 4 + 18825?
18829
In base 16, what is 248777 - -5?
24877c
In base 11, what is -2630 - 18?
-2648
In base 6, what is 1 + 414514?
414515
In base 15, what is 549 - -2a?
574
In base 15, what is -891aa + -2?
-891ac
In base 4, what is -10 + -1231221?
-1231231
In base 10, what is 45409 - -6?
45415
In base 7, what is 2440 + 36?
2506
In base 9, what is -1635 - -58?
-1566
In base 16, what is -5c - 2d?
-89
In base 7, what is 3 + -2145116?
-2145113
In base 2, what is 1001011010001 + 10010111?
1001101101000
In base 10, what is -426 + -31?
-457
In base 12, what is 17122a4 - 1?
17122a3
In base 11, what is 10a + 29aa?
3009
In base 2, what is 101 - 100001011000101?
-100001011000000
In base 7, what is -6124 + -102?
-6226
In base 11, what is 1a7 + 425?
621
In base 6, what is 201 + 30100?
30301
In base 7, what is 124 + 40064?
40221
In base 3, what is -1220001 - 201?
-1220202
In base 3, what is -100 - -201212011?
201211211
In base 9, what is 5646 + 38?
5685
In base 5, what is 1241 + 244332?
301123
In base 2, what is 10100110111 - 11101111?
10001001000
In base 4, what is 13210211 - -2?
13210213
In base 10, what is 647 - 184?
463
In base 16, what is 9 - 4172?
-4169
In base 10, what is -27 - -111503?
111476
In base 10, what is -1515 - -169?
-1346
In base 10, what is 2719 - 148?
2571
In base 9, what is 7 + -7455?
-7447
In base 12, what is -3 - -322b?
3228
In base 7, what is -110141 - 0?
-110141
In base 2, what is 110011 + 11111111?
100110010
In base 5, what is 42024 - 22?
42002
In base 12, what is -277 - -a2b?
774
In base 6, what is 1033 - -2015?
3052
In base 16, what is -7a0 - 7?
-7a7
In base 16, what is -1 - 198df7?
-198df8
In base 16, what is -37 + -1fe8?
-201f
In base 8, what is 14 - 24526?
-24512
In base 7, what is -21 + -520?
-541
In base 16, what is -62b - -e?
-61d
In base 2, what is 11010010111 + 1000110?
11011011101
In base 3, what is 0 - -100011221?
100011221
In base 16, what is -41c + 77?
-3a5
In base 13, what is -4 - 535c?
-5363
In base 7, what is 1413 - -56?
1502
In base 9, what is -2 - -1562?
1560
In base 9, what is 18 + 1230?
1248
In base 15, what is 883 - -10?
893
In base 16, what is 1b - -57ba?
57d5
In base 9, what is 4 + 1138?
1143
In base 2, what is -111000110100 + -10100000?
-111011010100
In base 9, what is -53 + -287?
-351
In base 7, what is 353 - 22066?
-21413
In base 15, what is 1a + 1d?
38
In base 16, what is -f39e + -21?
-f3bf
In base 12, what is 1 - 2a58a?
-2a589
In base 16, what is 1b7e + -17?
1b67
In base 6, what is 0 + 133312?
133312
In base 6, what is -43151 - -1?
-43150
In base 3, what is 202001 - -12012?
221020
In base 15, what is 41 + d06?
d47
In base 6, what is 1122 + 332?
1454
In base 7, what is 24 + 244242?
244266
In base 6, what is -1 + -13543435?
-13543440
In base 7, what is -3 + 313146?
313143
In base 7, what is 14024 + 343?
14400
In base 9, what is 2 + -115343?
-115341
In base 6, what is 101312 - 31?
101241
In base 8, what is 562 - -66?
650
In base 2, what is -1001110001001001 + 10?
-1001110001000111
In base 10, what is -39177 - -46?
-39131
In base 13, what is -57a + 3bb?
-18c
In base 15, what is -3 - -2504?
2501
In base 5, what is -1110 + -2123?
-3233
In base 9, what is 6 + 134738?
134745
In base 6, what is -1011035 - 201?
-1011240
In base 4, what is -33 + -133103?
-133202
In base 8, what is 30 + -745?
-715
In base 6, what is 14 - -134131?
134145
In base 11, what is 18 + 30a647?
30a664
In base 10, what is -1641 + -63?
-1704
In base 12, what is 22288 + -4?
22284
In base 8, what is 226205 + -73?
226112
In base 10, what is 52 + -47?
5
In base 16, what is 2 - -65a6?
65a8
In base 16, what is -3 - 6c33a?
-6c33d
In base 11, what is 619 - -23?
641
In base 4, what is -3232023 - 2?
-3232031
In base 3, what is -11021011100 + -101?
-11021011201
In base 3, what is -1020110220 + -21221?
-1020202211
In base 6, what is -4210 - 1001?
-5211
In base 11, what is 323a + 0?
323a
In base 3, what is 21012101100 + -2?
21012101021
In base 11, what is 83 - 1293?
-1210
In base 11, what is -58337 - 31?
-58368
In base 13, what is -5 - -1ac3a?
1ac35
In base 16, what is -1 + -3b84c?
-3b84d
In base 11, what is 12 + 19544?
19556
In base 16, what is 2 - -143d5?
143d7
In base 2, what is -11011011 + 1011?
-11010000
In base 16, what is 4d - 3e04?
-3db7
In base 10, what is 2277 + -123?
2154
In base 2, what is -1000010011110101111000 - 101?
-1000010011110101111101
In base 5, what is 2 + -200401?
-200344
In base 13, what is -28 - -11088?
11060
In base 14, what is 5 - 22422?
-2241b
In base 7, what is 2033 - -402?
2435
In base 3, what is 2212100 - 111?
2211212
In base 2, what is 101000111111000 + 11?
101000111111011
In base 6, what is -2 - -402521?
402515
In base 7, what is 5 + 14060256?
14060264
In base 12, what is -151208 - 12?
-15121a
In base 2, what is -100000110001101 + -1010?
-100000110010111
In base 9, what is -325 - -142?
-173
In base 9, what is -101134 + 2?
-101132
In base 11, what is 2 - 3300?
-32a9
In base 16, what is -5 - 2651e?
-26523
In base 14, what is 3 + -3d68b3?
-3d68b0
In base 7, what is 2564 + -104?
2460
In base 4, what is 213111021 - 0?
213111021
In base 15, what is 5cac - -20?
5ccc
In base 11, what is 3427 + -97?
3340
In base 15, what is -3cd69 - -4?
-3cd65
In base 5, what is 1342430 - 1?
1342424
In base 15, what is -1 - -45be?
45bd
In base 6, what is -10 + -5501?
-5511
In base 10, what is 437 + -34?
403
In base 16, what is 5cf - -f9?
6c8
In base 2, what is -11 + 10011010101000?
10011010100101
In base 12, what is 271 + 59?
30a
In base 16, what is 5 - -6d7f?
6d84
In base 13, what is 4 - 1cb329?
-1cb325
In base 8, what is 3723 - -133?
4056
In base 3, what is -1221120112 - -10?
-1221120102
In base 5, what is -320441 - 14?
-321010
In base 16, what is 6 - -d3b01?
d3b07
In base 9, what is -2226 + -3018?
-5245
In base 16, what is 1d + b6fb?
b718
In base 12, what is 8b - -41a?
4a9
In base 13, what is -25a0 + 8?
-2595
In base 6, what is -1330 - 2322?
-4052
In base 10, what is -846396 + 3?
-846393
In base 12, what is -1108 + -2bb?
-1407
In base 13, what is -19832 + 4?
-1982b
In base 16, what is 28b - f?
27c
In base 8, what is 3 + 251533?
251536
In base 4, what is 333 - 20232?
-13233
In base 5, what is 31 - 14244?
-14213
In base 9, what is 400